 k?
0
Calculate the remainder when 82 - 2/(3 + -1) is divided by 21.
18
Let k(c) = 3*c + 24. Calculate the remainder when k(7) is divided by 12.
9
Suppose -3*z - 5*d + 12 = 0, d + 8 = 2*z - 4*d. Suppose 0 = -a - a + z, -4*a = -2*t + 52. Calculate the remainder when t is divided by 11.
8
Let p be 10/(-4)*1670/(-25). Suppose -p = -5*s - 42. What is the remainder when 73 is divided by s?
23
Suppose 3*t - 8 = t. Let x be 66/4 - 5/10. Let k = -10 + x. What is the remainder when k is divided by t?
2
Let d be -1 + (-7)/(-2 + 3). Calculate the remainder when 28 is divided by (-1 - d) + -4 + 7.
8
Let m = 178 + -115. Suppose c + 2*f = m, 4*c - 2*f - 174 = 38. Calculate the remainder when c is divided by 19.
17
Let a(c) = c**2 + c - 1. Suppose -2*i = -6 - 10. What is the remainder when a(5) is divided by i?
5
Let k = 54 - 28. What is the remainder when 103 is divided by k?
25
Suppose -14*w + 12*w = -20. What is the remainder when w is divided by 2?
0
Suppose 5*c = 58 - 3. Let l = 38 - 17. What is the remainder when l is divided by c?
10
Let m(f) = 3*f**2 - 5*f - 4. Suppose -2*r - 1 = n - 8, -2*n + 2 = r. Let z(u) = u**2 - 2*u + 5. Calculate the remainder when m(r) is divided by z(4).
11
Suppose 5*u = 6 + 9. Suppose 4*n = -8, 0*x = -u*x + 2*n + 397. Suppose -x = -5*p + 149. What is the remainder when p is divided by 19?
18
Suppose 0 = -2*q + 9 + 11. Suppose x = 3*x - q. Suppose x = -2*o + 45. What is the remainder when o is divided by 7?
6
Let u(t) = t**2 + 11*t + 6. What is the remainder when 16 is divided by u(-11)?
4
Let f(l) = 0 - 4*l - 5 + 7*l + 0. What is the remainder when 11 is divided by f(4)?
4
Let f = 0 + 19. What is the remainder when f is divided by 10?
9
Let c(o) = o**2 - 3*o - 5. Let g be c(4). Let t be (-1 + 0)*g + 15. Suppose -112 = -4*l - t. What is the remainder when l is divided by 13?
11
What is the remainder when (-692)/(-12) - 6/9 is divided by 30?
27
Suppose 0 = -4*k + 6 + 6. Suppose -k*z - z + 72 = 0. Let u = 6 + 4. What is the remainder when z is divided by u?
8
Let t = 539 + -498. Suppose 3*a = 4*r - 52 - 1, 52 = 5*r + a. Calculate the remainder when t is divided by r.
8
Suppose -3*g + 35 + 25 = 0. Calculate the remainder when 38 is divided by g.
18
Let j be 4/2 - -9 - -1. Suppose 5*w - j*w = -28. Calculate the remainder when 13 is divided by w.
1
Let m(l) = 15*l - 2. Calculate the remainder when m(1) is divided by 5.
3
What is the remainder when (-140)/2*26/(-65) is divided by 6?
4
Suppose -4*r + 51 = -0*n - n, 3*r = -n + 40. Let z = r + -5. What is the remainder when (-1984)/(-128) + (-1)/2 is divided by z?
7
Let t = 24 + -4. What is the remainder when 79 is divided by t?
19
Suppose -4*j + 248 = 4*a, 5*a - j - 288 = 16. Calculate the remainder when a is divided by 32.
29
Let a(z) = 4*z**2 + 6*z - 5. Suppose -6*k + 0 + 24 = 0. What is the remainder when a(k) is divided by 21?
20
Let i(u) = -u**2 - 5*u + 2. Let k be i(-5). Suppose 0 = k*b - 11 - 3. Let q(m) = 2*m**2 + 5*m - 6. What is the remainder when q(-5) is divided by b?
5
Suppose x + 16 = 3*x. Suppose 0 = -f + 2*k - 4, -4*f + x*f - 5*k = -7. Let m(h) = h**3 - 10*h**2 + 9*h + 4. Calculate the remainder when m(9) is divided by f.
0
Let k(y) = y**2 - 1. What is the remainder when 20 is divided by k(-3)?
4
Let w(i) = 21*i**2 + 1. What is the remainder when 85 is divided by w(-1)?
19
Calculate the remainder when 11 is divided by 1*15/3 - 1.
3
Let v(u) = -u**2 + 7*u - 4. Suppose -4*b - 3*n + 19 = -1, -n + 15 = 3*b. Calculate the remainder when v(3) is divided by b.
3
Let r = 21 - 17. Suppose -4*s + r*f = -80, -2*s = -3*s + 5*f + 24. What is the remainder when 73 is divided by s?
16
Suppose 2*v - 2*g = g + 32, 24 = 4*v + 4*g. Calculate the remainder when 15 is divided by v.
5
Let r(w) = w**2 + 12*w + 25. What is the remainder when 11 is divided by r(-10)?
1
Suppose 2*o = -3*o + 165. Calculate the remainder when o is divided by 7.
5
Let v(g) = g**3 - 8*g**2 + 6*g - 20. Let q be (-52)/6 - 3/9. Calculate the remainder when v(8) is divided by 2/(2 - q/(-5)).
8
Let u = 117 - 11. Calculate the remainder when u is divided by (-1)/((1/27)/(-1)).
25
Suppose 19 = 5*i + 4. Let s = 13 - 6. What is the remainder when s is divided by i?
1
Suppose -8 = -4*b - 0. Calculate the remainder when 11 is divided by b.
1
Suppose 20 = -6*s + 92. Let u = -50 - -73. What is the remainder when u is divided by s?
11
Let u(x) = -x**2 + 5*x - 2. Let m be u(3). Suppose -m*y - 64 = -8*y. What is the remainder when y is divided by 9?
7
Suppose i - 6 - 19 = 0. What is the remainder when 48 is divided by i?
23
Suppose -6*a + 34 = -14. Calculate the remainder when 13 is divided by a.
5
Suppose 3*b - 40 = 53. Suppose 5*s - 2*m + 110 = 0, -90 = 7*s - 2*s + 2*m. Let g = s + 31. What is the remainder when b is divided by g?
9
Let p = 4 - -6. Let i be 0/(2/(-2 + 4)). Suppose i = -v + 2 + 4. Calculate the remainder when p is divided by v.
4
Let n = -2 + 4. Suppose 4*y + 4*s - 8 = 0, 4 = y + n*s + 7. Let w(x) = 5*x - 6. Calculate the remainder when w(5) is divided by y.
5
Suppose -5*k + 40 = -0. Suppose -5 = 3*t - 4*t. Calculate the remainder when k is divided by t.
3
Let k = 1 - 24. Let a = k + 35. Suppose -2*o - w = -44, 3*o - 61 = -4*w - 0*w. What is the remainder when o is divided by a?
11
Let a(t) = 9*t**2 - 2*t - 1. Suppose -k + 5*k - 10 = -2*q, -14 = k - 5*q. Let x = k - -3. Calculate the remainder when a(-1) is divided by x.
2
Let s = -21 + 85. What is the remainder when 126 is divided by s?
62
Suppose -2*p = 3*p + 5*u - 10, -4 = -2*u. Suppose 4*v = -p*v - m + 161, -2*v = m - 79. Suppose 2*k + 11 = v. Calculate the remainder when 29 is divided by k.
14
What is the remainder when (21/12 - -1)/((-8)/(-32)) is divided by 7?
4
Let s = 8 - 12. Let o(r) = r**2 + r - 1. Calculate the remainder when 30 is divided by o(s).
8
Suppose -307 = -11*z + 925. What is the remainder when z is divided by 57?
55
Suppose -6 = -c - 2*c. Suppose -6*m + c*m + 152 = 0. Calculate the remainder when m is divided by 13.
12
Let v(h) = 3 - h**2 - 7 - 7*h + h. Suppose 18 = 4*n + 2*l, 10*l - 5*l - 15 = 5*n. What is the remainder when v(-4) is divided by n?
0
Let n = -23 + 111. What is the remainder when n is divided by 18?
16
Let m = 122 - 74. What is the remainder when m is divided by 10?
8
Suppose -2*t = -5*k - 0*t + 185, -3*k = 4*t - 85. Calculate the remainder when k is divided by 13.
9
Let t(o) = 10*o**2. Let b be t(-2). Suppose -4*v = v - b. Suppose -12 = 4*i - 3*z - 75, -13 = -i - 2*z. What is the remainder when i is divided by v?
7
Calculate the remainder when -9*2/(7/(28/(-24))) is divided by 2.
1
Let a be (6/15)/(2/20). Suppose -78 = -a*x + 14. Calculate the remainder when x is divided by 4 - ((2 - -1) + -7).
7
Suppose -w + 5*w + 8 = 0. What is the remainder when (0 - (-1 + -13))/1 is divided by (w/(-6))/(2/30)?
4
Let f be (-2)/(-5) - 10/25. Suppose -3*o + 3*x + 195 = 0, -3*x - 2*x - 5 = f. What is the remainder when o is divided by 22?
20
Suppose -2*v = -i - 27, -3*v - 4*i = -4 - 53. Calculate the remainder when 27 is divided by v.
12
Let h(b) = 9*b - 74. What is the remainder when h(18) is divided by 10?
8
Suppose 14*v - 10 = 12*v. Suppose 2*c - 3*f - 31 = 0, -4*f = -0*c + 3*c - 21. Calculate the remainder when c is divided by v.
1
Suppose 3*m - 1292 = -2*n, 5*n - 5*m - 663 = 2517. Calculate the remainder when n/24 + (-2)/3 is divided by 14.
12
What is the remainder when 10 is divided by -3 - -9 - 5/(5/3)?
1
Suppose 3*a - 81 = -24. Let c be ((-324)/5)/((-12)/40). Suppose t + c = 7*t. Calculate the remainder when t is divided by a.
17
Suppose -x = 3*s - 55, -2*s - x = x - 38. Suppose -4*q = -6 - 6. Suppose -111 = -q*r + 48. Calculate the remainder when r is divided by s.
17
Let x = 34 - -72. Let t = 10 + -8. Suppose -t*i + x = -h + 3*h, 5*i - 2*h = 244. Calculate the remainder when i is divided by 17.
16
What is the remainder when 13 is divided by (0 - 1) + (19/1 - 7)?
2
Let u be -3*4/3*2. Let v(z) = z**2 + 8*z + 11. Let x = -5 - -9. What is the remainder when v(u) is divided by x?
3
Suppose 2*c + 54 = 3*z, -3*z + 0*c - 4*c + 72 = 0. Calculate the remainder when 73 is divided by z.
13
Let h(p) = -2*p**3 - p**2. Suppose 0*u + 10 = -5*u. Suppose 6*a = 4*z + 2*a - 88, 0 = 5*z - 3*a - 110. Calculate the remainder when z is divided by 